 = -0*f. Suppose 0 = p + 2*y - 9, -p - y + 4*y - 11 = f. Let n(z) = -9*z. Calculate n(p).
-9
Let c(s) = 3*s**3 + 7*s + 36. Let x(t) = t**3 + 3*t + 18. Let j(v) = 2*c(v) - 5*x(v). What is j(0)?
-18
Let k(i) be the second derivative of -i**6/120 + i**5/12 + i**3/6 - 3*i**2/2 - 5*i. Let o(j) be the first derivative of k(j). Calculate o(5).
1
Let r(g) = -3*g - 1. Let s(k) = k**3 + 2*k**2 - 4*k + 1. Let p be s(-3). Suppose -3 = o, -3*c - 3*o = p + 11. Let u = 0 + c. Give r(u).
5
Let v be (-17)/168 - 2/(-14). Let d(s) be the third derivative of 1/2*s**3 - v*s**4 + 0 - s**2 + 0*s. Calculate d(5).
-2
Suppose -3*g + d - 38 = 0, -g = -0*d - d + 16. Let p = -11 - g. Let l(i) = i + 9. Determine l(p).
9
Let r(v) = -3*v**2 + 6*v - 5. Suppose 3*u = g - 7, 5*g + 2*u - 40 = 12. Let c = g - 15. Let d(k) = -4*k**2 + 9*k - 7. Let f(p) = c*d(p) + 7*r(p). What is f(-4)?
-4
Let z(d) = -d**2 + 5*d - 2. Let p be z(4). Let m(i) = -i - 4. Let r be m(-6). Let h(n) = 2 + r*n - 5*n + 2*n + 3*n - 2*n**2. Give h(p).
-2
Suppose 2*b - 2 = g + g, 4*g = -5*b + 14. Let f(q) = -4*q + 7. Suppose 4*o = 17 + 3. Let c(p) = -3*p + 5. Let w(z) = o*f(z) - 7*c(z). Calculate w(g).
1
Let j(n) = 22*n + 0 - 15*n - 2 - n**2 - 3. Determine j(5).
5
Let l(a) be the second derivative of -a**4/12 + 3*a**2/2 + 17*a. Give l(3).
-6
Let j(n) = 5*n**3 - 2*n**3 - 2*n**3. Let c(m) = -3*m - 1. Let k be c(-1). What is j(k)?
8
Let k(w) = 5*w**2 - w + 3. Let f(z) = 16*z**2 - 2*z + 10. Let y(g) = -3*f(g) + 10*k(g). Suppose 5*b - 4*t = 7*b - 2, -t - 1 = 0. What is y(b)?
6
Let r(a) = -5*a**3 - 5*a + 10. Let p(y) = 6*y**3 + 6*y - 11. Let t(x) = -4*p(x) - 5*r(x). Determine t(0).
-6
Let m be (-3 - (-51)/15)*10. Suppose m*a - 12 = -2*a. Let v(p) = 2*p**2 - 2*p + 3. Calculate v(a).
7
Let f(y) = 3 + 6*y - y**3 + 3*y**2 - 5 - 1 - 1. What is f(4)?
4
Let f(t) = -t**2 + t - 3. Let n(w) = -2*w**2 - 3. Let i(x) = -x**2 + 7*x - 4. Let b be i(6). Let k(h) = b*n(h) - 3*f(h). Determine k(2).
-7
Let j = -7 - -11. Suppose -26 = -5*z + 2*d, z - 16 = -3*d - j. Let c(w) = -3*w**2 - 3 + w**3 - w**2 + z. What is c(4)?
3
Let p(z) be the first derivative of 1 + 3*z - 1/2*z**2. Let i(q) = -q + 1. Let g be i(-2). What is p(g)?
0
Let n(g) be the first derivative of 1/3*g**3 - 1/4*g**4 - 3 + 2*g**2 + 3*g. Give n(-2).
7
Let i = -50 + 47. Let u(z) = -z + 3. Give u(i).
6
Let t(d) = 2*d - 7. Let p be t(7). Suppose p*l - 3*l = -4. Let a(h) = -6*h - 1. Give a(l).
5
Suppose 2*o = -2*a + 8, 5*o + a - 11 = -a. Let p(t) = 2*t - 1 - o - 1. Suppose 0 + 4 = i. Determine p(i).
5
Suppose -10 + 0 = -5*w, 2*c = 2*w. Let b(f) = -4 - 6*f**c - 3 - 4*f + 3 - f**3. Calculate b(-5).
-9
Let b = -2 + 6. Let i(k) = -k - 1. Suppose -5*g + 5*u + 28 = -g, -28 = -4*g - 4*u. Let z(o) = -o - 3. Let t(s) = g*i(s) - 4*z(s). Determine t(b).
-7
Let p be (2 + (-4)/3)/(9/27). Let l(u) = 4*u**2 - 2*u + 3. What is l(p)?
15
Let v(l) = l**3 - 5*l**2 - 5*l - 4. Let i(r) = r**2 - r - 4. Let s be i(-3). Let w = s - 2. Determine v(w).
2
Let v(n) be the second derivative of -n**4/12 + 5*n**3/6 + 3*n**2/2 + 4*n. Suppose -j + 25 = 4*j. Determine v(j).
3
Suppose 6 = -8*x - 10. Let o(q) = q**2 - 2*q - 1. Let b(f) = f**2 - 2*f. Let p(y) = 2*b(y) - 3*o(y). Give p(x).
-5
Let q(d) = d - 3. Suppose 4*c - 38 = -14. Let z be q(c). Let l(b) be the first derivative of -b**2/2 - b + 1. What is l(z)?
-4
Let u(h) = -5 - 4*h - 2 - 3 + 6. Give u(3).
-16
Let b(j) = -j. Let h(f) = f**2 + 11*f - 6. Let d(x) = -5*b(x) - h(x). Determine d(-6).
6
Let y(i) = i. Suppose 2*g = 4*n - 24, n = 6*n + 4*g - 4. Suppose -4*b + 4 = n*s, s + 2 = -3*b - 3. Calculate y(s).
4
Let y(h) be the first derivative of -h**4/4 - 4*h**3/3 + h**2/2 - 5*h - 16. Determine y(-5).
15
Let s(a) = -2*a - 1. Suppose -5*m = -4*b + 32, -2*m + 5*b = -0*m + 6. Let i(n) = n**2 + 8*n - 3. Let z be i(m). Calculate s(z).
5
Let a(y) = -3*y**3 + 1 - 2*y + y**2 - 6*y**2 + 2*y**3. Suppose -4*u = 3*z - z - 72, 0 = -4*u - 3*z + 68. Suppose -u = q + 4*q. Calculate a(q).
-7
Let q(z) = z + 1. Suppose -p = -5*i + 16, 2*i - p = 3 + 4. Suppose 20 = -4*t - 4*m, -4*t - i*m = -3*t + 5. Give q(t).
-4
Let n(c) = -2*c + c**2 + 3 - 7*c + c. Let o be n(8). Let k(h) = -2*h - 1. What is k(o)?
-7
Suppose 0*p - 2*p = -6. Let o(r) = 2 - 2 + 2 + 4*r**2 + 2*r + r**p + 1. Calculate o(-4).
-5
Let t = 5 + -7. Let y(j) be the third derivative of j**8/6720 + j**7/840 - j**4/12 + 2*j**2. Let s(r) be the second derivative of y(r). Give s(t).
4
Let v = 1 - -1. Let y be (-3)/((1*2)/v). Let x(j) = -10*j - 2. Let h(f) = 3*f. Let n(w) = -3*h(w) - x(w). What is n(y)?
-1
Let o(r) = r. Let j = -192 + 184. Calculate o(j).
-8
Let q = -16 + 11. Let p(s) = 5*s + 10. Let j(t) = -6*t - 12. Let i(k) = 4*j(k) + 5*p(k). Calculate i(q).
-3
Let f = 9 + -14. Let l(p) = -p**2 - 4*p + 2. Let x be l(f). Let g(h) = -h**2 - 2*h - 3. Give g(x).
-6
Let l(y) be the second derivative of y**4/24 - y**3/2 + y**2 - 2*y. Let r(c) be the first derivative of l(c). Let u be r(0). Let a(w) = w + 2. Calculate a(u).
-1
Let q(n) = -n**3 - 3*n**2 + n + 2. Suppose -4*l = -2*c - 8, -4*c - 11 = -5*l - 2*c. Let d be (l/(-4))/((-2)/(-8)). Calculate q(d).
-1
Let z(a) = 38*a**2 - 23*a**2 - 6*a + 4 - 17*a**2. Calculate z(-5).
-16
Let g(j) = -7*j**3 - 4*j**2 - 10*j - 3. Let y(t) = -t**3 + t**2 + 1. Let f(o) = g(o) - 6*y(o). What is f(-9)?
0
Let j(y) = y**3 - 5*y**2 - 6*y + 5. Let t(q) = -q**2 - 7*q - 6. Let b be t(7). Let w be b/(-16) - 2/4. Give j(w).
5
Let y(l) be the second derivative of 3*l**5/20 + l**4/4 + 5*l**3/3 - 7*l**2 - 8*l. Let v(i) = -i**3 - 2*i**2 - 5*i + 7. Let m(q) = 5*v(q) + 2*y(q). Give m(5).
7
Let p(c) = 0*c - c + 4 - 13. Suppose 5*o = d - 26, 4*d - 9 = 4*o - 1. Determine p(o).
-3
Let y(p) be the second derivative of p**5/20 + p**4/2 + 7*p**3/6 + p**2/2 - 6*p. Suppose 25 = -5*u - 0. Give y(u).
-9
Let p(k) = 2*k + 9. Let z be p(-6). Let o be z*1/(-3) - 2. Let n(s) be the second derivative of s**5/10 + s**4/12 - s**3/6 - s**2/2 + s. What is n(o)?
-1
Suppose -2*c + 6 = c. Let r(u) = 1 - 1 - 5*u + c. Calculate r(2).
-8
Let x(k) = -5*k**3 - 12*k**2 - 3*k + 3. Let l(v) = 2*v - 2 + 3*v**2 - v + 3*v**3 - 2*v**3 + 1. Let y(q) = -9*l(q) - 2*x(q). Calculate y(4).
7
Let l = 5 + 0. Suppose 9 + 1 = l*t. Let a(k) = 2*k**2 + 2*k - 3 + 0*k**2 + 4*k**2 - 5*k**t. What is a(-4)?
5
Let n be ((-20)/4)/(-2 + 1). Suppose -n*w + 1 = -x - 6*w, 3*x - 2*w - 12 = 0. Let y(i) = -i - 5. Let d(k) = -k - 4. Let h(c) = -5*d(c) + 4*y(c). Give h(x).
2
Let b = 8/11 + -13/33. Let x(f) be the third derivative of 1/60*f**5 - 5/24*f**4 - b*f**3 - f**2 + 0 + 0*f. Give x(4).
-6
Let g = -120 + 122. Let y(t) be the third derivative of -t**6/360 - t**5/60 + t**4/8 + t**3/6 + t**2. Let i(a) be the first derivative of y(a). What is i(g)?
-5
Let x(a) = -2*a**3 + 4*a**2 - 3*a. Let c be (-70)/(-20)*12/21. Give x(c).
-6
Let f = 9 - 1. Let p = 13 - f. Let j(r) = -r + 4. Let t(y) = -y + 5. Let u(n) = -5*j(n) + 4*t(n). Give u(p).
5
Let x(v) = v - 3. Let i be x(4). Let u(w) = -w - 1. Let s be u(i). Let c(t) = 1. Let j(k) = -4*k - 2. Let b(a) = -c(a) + j(a). Calculate b(s).
5
Let o = 168 + -176. Let m(p) = 3*p + 8. Determine m(o).
-16
Let j(n) = 30*n**2 + 6 - 31*n**2 + n - 16. Determine j(0).
-10
Let w(k) = k**2 - 5*k - 2. Suppose 0 = -2*x + n - 5*n + 24, 27 = 4*x + n. Calculate w(x).
4
Let j = -14 + 20. Let a(k) = k - 1. Determine a(j).
5
Let s(t) be the second derivative of t**6/360 - t**5/120 - t**4/24 - t**3/3 - 4*t. Let o(y) be the second derivative of s(y). Calculate o(-3).
11
Let c(a) be the third derivative of -a**5/60 - a**4/4 + 2*a**3/3 + 20*a**2. Determine c(-4).
12
Let w(s) be the first derivative of s**4/4 + 4*s**3/3 - 3*s**2 - 4*s - 41. Give w(-5).
1
Let n(d) = -d + 7. Let x be n(9). Let s(y) = y**3 - 5*y**2 + 6*y - 3. Let z(f) = f**2. Let t(v) = x*z(v) + s(v). Calculate t(6).
-3
Let s be (-13)/(-3) + (-1)/3. Let j be 3/(-12) - (-1)/s. Let a(q) = -q**2 - 3. Let u be a(j). Let i(h) = -h**3 - 3*h**2 + h + 4. Calculate i(u).
1
Let a(r) = 12*r**2 + 5 + r**3 - 8*r + 20*r**2 - 27*r**2. Give a(-6).
17
Let l(g) = -3 + 24*g + 3 - 25*g. Let t be l(3). Let x(f) = -f**3 - 3*f**2 + 5*f + 3. Calculate x(t).
-12
Let d(p) be the third derivative of p**5/60 + p**4/8 - p**3/6 - p**2. Let h = 8 - -8. Suppose 2*a = -2*a - h. Determine d(a).
3
Let r(k) = k**3 + 3*k**2 + 2